{"id":483,"date":"2026-03-13T08:24:48","date_gmt":"2026-03-13T08:24:48","guid":{"rendered":"https:\/\/villasalud.fxdw.dev\/?page_id=483"},"modified":"2026-04-09T08:23:02","modified_gmt":"2026-04-09T08:23:02","slug":"cardiologia","status":"publish","type":"page","link":"https:\/\/policlinicavillasalud.com\/index.php\/especialidades\/cardiologia\/","title":{"rendered":"Cardiolog\u00eda"},"content":{"rendered":"\t\t<div data-elementor-type=\"wp-page\" data-elementor-id=\"483\" class=\"elementor elementor-483\" data-elementor-post-type=\"page\">\n\t\t\t\t<div class=\"elementor-element elementor-element-2a79e10 e-con-full e-flex e-con e-parent\" data-id=\"2a79e10\" data-element_type=\"container\" data-e-type=\"container\" data-settings=\"{&quot;background_background&quot;:&quot;classic&quot;}\">\n\t\t<div class=\"elementor-element elementor-element-bef3ce0 e-con-full e-flex e-con e-child\" data-id=\"bef3ce0\" data-element_type=\"container\" data-e-type=\"container\">\n\t\t<div class=\"elementor-element elementor-element-1846b50 e-con-full e-flex e-con e-child\" data-id=\"1846b50\" data-element_type=\"container\" data-e-type=\"container\">\n\t\t\t\t<div class=\"elementor-element elementor-element-6478912 elementor-widget elementor-widget-heading\" data-id=\"6478912\" data-element_type=\"widget\" data-e-type=\"widget\" data-widget_type=\"heading.default\">\n\t\t\t\t\t<h2 class=\"elementor-heading-title elementor-size-default\">Cardiolog\u00eda<\/h2>\t\t\t\t<\/div>\n\t\t\t\t<\/div>\n\t\t<div class=\"elementor-element elementor-element-c6e29c7 e-con-full e-flex e-con e-child\" data-id=\"c6e29c7\" data-element_type=\"container\" data-e-type=\"container\">\n\t\t\t\t<div class=\"elementor-element elementor-element-c95c542 elementor-widget__width-initial elementor-widget elementor-widget-text-editor\" data-id=\"c95c542\" data-element_type=\"widget\" data-e-type=\"widget\" data-widget_type=\"text-editor.default\">\n\t\t\t\t\t\t\t\t\t<p>La cardiolog\u00eda es la especialidad m\u00e9dica dedicada al estudio, diagn\u00f3stico y tratamiento de las enfermedades del coraz\u00f3n y del sistema cardiovascular.<\/p><p>En Policl\u00ednica Villasalud ofrecemos atenci\u00f3n especializada para la <strong>valoraci\u00f3n y seguimiento de diferentes patolog\u00edas card\u00edacas<\/strong>, con el objetivo de prevenir complicaciones y mejorar la salud cardiovascular de nuestros pacientes.<\/p>\t\t\t\t\t\t\t\t<\/div>\n\t\t\t\t<\/div>\n\t\t\t\t<\/div>\n\t\t\t\t<div class=\"elementor-element elementor-element-43a8868 elementor-widget elementor-widget-image\" data-id=\"43a8868\" data-element_type=\"widget\" data-e-type=\"widget\" data-widget_type=\"image.default\">\n\t\t\t\t\t\t\t\t\t\t\t\t\t\t\t<img decoding=\"async\" src=\"https:\/\/policlinicavillasalud.com\/wp-content\/uploads\/2026\/03\/cardio-copia.webp\" title=\"cardiologia+\" alt=\"cardiologia+\" loading=\"lazy\" \/>\t\t\t\t\t\t\t\t\t\t\t\t\t\t\t<\/div>\n\t\t\t\t<\/div>\n\t\t<div class=\"elementor-element elementor-element-0832330 e-flex e-con-boxed e-con e-parent\" data-id=\"0832330\" data-element_type=\"container\" data-e-type=\"container\" data-settings=\"{&quot;background_background&quot;:&quot;classic&quot;}\">\n\t\t\t\t\t<div class=\"e-con-inner\">\n\t\t<div class=\"elementor-element elementor-element-61e8e17 e-con-full e-flex e-con e-child\" data-id=\"61e8e17\" data-element_type=\"container\" data-e-type=\"container\">\n\t\t\t\t<div class=\"elementor-element elementor-element-d09240f elementor-widget elementor-widget-heading\" data-id=\"d09240f\" data-element_type=\"widget\" data-e-type=\"widget\" data-widget_type=\"heading.default\">\n\t\t\t\t\t<h2 class=\"elementor-heading-title elementor-size-default\">CARDIOLOG\u00cdA<\/h2>\t\t\t\t<\/div>\n\t\t\t\t<div class=\"elementor-element elementor-element-317c6df elementor-widget elementor-widget-heading\" data-id=\"317c6df\" data-element_type=\"widget\" data-e-type=\"widget\" data-widget_type=\"heading.default\">\n\t\t\t\t\t<h2 class=\"elementor-heading-title elementor-size-default\">Atenci\u00f3n cardiol\u00f3gica<\/h2>\t\t\t\t<\/div>\n\t\t\t\t<\/div>\n\t\t<div class=\"elementor-element elementor-element-ea548e6 e-con-full e-flex e-con e-child\" data-id=\"ea548e6\" data-element_type=\"container\" data-e-type=\"container\">\n\t\t\t\t<div class=\"elementor-element elementor-element-af28832 elementor-widget elementor-widget-text-editor\" data-id=\"af28832\" data-element_type=\"widget\" data-e-type=\"widget\" data-widget_type=\"text-editor.default\">\n\t\t\t\t\t\t\t\t\t<p>La consulta de cardiolog\u00eda se centra en el diagn\u00f3stico y control de las enfermedades que afectan al coraz\u00f3n y a los vasos sangu\u00edneos. A trav\u00e9s de la valoraci\u00f3n cl\u00ednica y de pruebas cardiol\u00f3gicas no invasivas, el especialista puede <strong>evaluar el funcionamiento <\/strong>del sistema cardiovascular y <strong>establecer el tratamiento o seguimiento <\/strong>m\u00e1s adecuado en cada caso.<\/p>\t\t\t\t\t\t\t\t<\/div>\n\t\t\t\t<\/div>\n\t\t\t\t\t<\/div>\n\t\t\t\t<\/div>\n\t\t<div class=\"elementor-element elementor-element-a71b126 e-con-full e-flex e-con e-parent\" data-id=\"a71b126\" data-element_type=\"container\" data-e-type=\"container\" data-settings=\"{&quot;background_background&quot;:&quot;classic&quot;}\">\n\t\t<div class=\"elementor-element elementor-element-7b6a511 e-con-full e-flex e-con e-child\" data-id=\"7b6a511\" data-element_type=\"container\" data-e-type=\"container\">\n\t\t\t\t<div class=\"elementor-element elementor-element-9bde5db elementor-widget elementor-widget-heading\" data-id=\"9bde5db\" data-element_type=\"widget\" data-e-type=\"widget\" data-widget_type=\"heading.default\">\n\t\t\t\t\t<h2 class=\"elementor-heading-title elementor-size-default\">Enfermedades y s\u00edntomas que se estudian en cardiolog\u00eda<\/h2>\t\t\t\t<\/div>\n\t\t\t\t<div class=\"elementor-element elementor-element-f1c37b8 elementor-widget__width-initial elementor-widget elementor-widget-text-editor\" data-id=\"f1c37b8\" data-element_type=\"widget\" data-e-type=\"widget\" data-widget_type=\"text-editor.default\">\n\t\t\t\t\t\t\t\t\t<p>Entre las patolog\u00edas y situaciones m\u00e1s frecuentes que se valoran en la consulta de cardiolog\u00eda se encuentran:<\/p>\t\t\t\t\t\t\t\t<\/div>\n\t\t\t\t<div class=\"elementor-element elementor-element-9a45513 elementor-widget elementor-widget-text-editor\" data-id=\"9a45513\" data-element_type=\"widget\" data-e-type=\"widget\" data-widget_type=\"text-editor.default\">\n\t\t\t\t\t\t\t\t\t<p>Enfermedad coronaria<\/p><p>Hipertensi\u00f3n arterial<\/p><p>Hiperlipidemia<\/p><p>Valvulopat\u00edas<\/p><p>Miocardiopat\u00edas<\/p><p>Insuficiencia card\u00edaca<\/p><p>Arritmias<\/p>\t\t\t\t\t\t\t\t<\/div>\n\t\t\t\t<\/div>\n\t\t<div class=\"elementor-element elementor-element-3079bab e-con-full e-flex e-con e-child\" data-id=\"3079bab\" data-element_type=\"container\" data-e-type=\"container\">\n\t\t\t\t<div class=\"elementor-element elementor-element-19e1a32 elementor-widget elementor-widget-image\" data-id=\"19e1a32\" data-element_type=\"widget\" data-e-type=\"widget\" data-widget_type=\"image.default\">\n\t\t\t\t\t\t\t\t\t\t\t\t\t\t\t<img fetchpriority=\"high\" decoding=\"async\" width=\"888\" height=\"1000\" src=\"https:\/\/policlinicavillasalud.com\/wp-content\/uploads\/2026\/03\/cardiologia2.webp\" class=\"attachment-full size-full wp-image-692\" alt=\"\" srcset=\"https:\/\/policlinicavillasalud.com\/wp-content\/uploads\/2026\/03\/cardiologia2.webp 888w, https:\/\/policlinicavillasalud.com\/wp-content\/uploads\/2026\/03\/cardiologia2-266x300.webp 266w, https:\/\/policlinicavillasalud.com\/wp-content\/uploads\/2026\/03\/cardiologia2-768x865.webp 768w\" sizes=\"(max-width: 888px) 100vw, 888px\" \/>\t\t\t\t\t\t\t\t\t\t\t\t\t\t\t<\/div>\n\t\t\t\t<\/div>\n\t\t\t\t<\/div>\n\t\t<div class=\"elementor-element elementor-element-dd91c2c e-flex e-con-boxed e-con e-parent\" data-id=\"dd91c2c\" data-element_type=\"container\" data-e-type=\"container\" data-settings=\"{&quot;background_background&quot;:&quot;classic&quot;}\">\n\t\t\t\t\t<div class=\"e-con-inner\">\n\t\t<div class=\"elementor-element elementor-element-62af837 e-con-full e-flex e-con e-child\" data-id=\"62af837\" data-element_type=\"container\" data-e-type=\"container\">\n\t\t\t\t<div class=\"elementor-element elementor-element-f365ea8 elementor-widget__width-initial elementor-widget elementor-widget-text-editor\" data-id=\"f365ea8\" data-element_type=\"widget\" data-e-type=\"widget\" data-widget_type=\"text-editor.default\">\n\t\t\t\t\t\t\t\t\t<p>Tambi\u00e9n se realiza un diagn\u00f3stico etiol\u00f3gico de s\u00edntomas que pueden estar relacionados, como:<\/p>\t\t\t\t\t\t\t\t<\/div>\n\t\t\t\t<div class=\"elementor-element elementor-element-539a924 elementor-widget elementor-widget-text-editor\" data-id=\"539a924\" data-element_type=\"widget\" data-e-type=\"widget\" data-widget_type=\"text-editor.default\">\n\t\t\t\t\t\t\t\t\t<p>Dolor tor\u00e1cico<\/p><p>Palpitaciones<\/p><p>Fatiga o cansancio excesivo<\/p><p>Mareos o episodios de desmayo<\/p>\t\t\t\t\t\t\t\t<\/div>\n\t\t\t\t<\/div>\n\t\t<div class=\"elementor-element elementor-element-a724186 e-con-full e-flex e-con e-child\" data-id=\"a724186\" data-element_type=\"container\" data-e-type=\"container\">\n\t\t\t\t<div class=\"elementor-element elementor-element-7519d40 elementor-widget elementor-widget-image\" data-id=\"7519d40\" data-element_type=\"widget\" data-e-type=\"widget\" data-widget_type=\"image.default\">\n\t\t\t\t\t\t\t\t\t\t\t\t\t\t\t<img decoding=\"async\" width=\"1500\" height=\"844\" src=\"https:\/\/policlinicavillasalud.com\/wp-content\/uploads\/2026\/03\/auscultacion.jpg\" class=\"attachment-full size-full wp-image-724\" alt=\"\" srcset=\"https:\/\/policlinicavillasalud.com\/wp-content\/uploads\/2026\/03\/auscultacion.jpg 1500w, https:\/\/policlinicavillasalud.com\/wp-content\/uploads\/2026\/03\/auscultacion-300x169.jpg 300w, https:\/\/policlinicavillasalud.com\/wp-content\/uploads\/2026\/03\/auscultacion-1024x576.jpg 1024w, https:\/\/policlinicavillasalud.com\/wp-content\/uploads\/2026\/03\/auscultacion-768x432.jpg 768w\" sizes=\"(max-width: 1500px) 100vw, 1500px\" \/>\t\t\t\t\t\t\t\t\t\t\t\t\t\t\t<\/div>\n\t\t\t\t<\/div>\n\t\t\t\t\t<\/div>\n\t\t\t\t<\/div>\n\t\t<div class=\"elementor-element elementor-element-06bc567 e-flex e-con-boxed e-con e-parent\" data-id=\"06bc567\" data-element_type=\"container\" data-e-type=\"container\" data-settings=\"{&quot;background_background&quot;:&quot;classic&quot;}\">\n\t\t\t\t\t<div class=\"e-con-inner\">\n\t\t<div class=\"elementor-element elementor-element-c3e3ac1 e-con-full e-flex e-con e-child\" data-id=\"c3e3ac1\" data-element_type=\"container\" data-e-type=\"container\">\n\t\t\t\t<div class=\"elementor-element elementor-element-0079b23 elementor-widget elementor-widget-heading\" data-id=\"0079b23\" data-element_type=\"widget\" data-e-type=\"widget\" data-widget_type=\"heading.default\">\n\t\t\t\t\t<h2 class=\"elementor-heading-title elementor-size-default\">NUESTRO EQUIPO<\/h2>\t\t\t\t<\/div>\n\t\t\t\t<div class=\"elementor-element elementor-element-312d053 elementor-widget elementor-widget-heading\" data-id=\"312d053\" data-element_type=\"widget\" data-e-type=\"widget\" data-widget_type=\"heading.default\">\n\t\t\t\t\t<h2 class=\"elementor-heading-title elementor-size-default\">Especialista en cardiolog\u00eda<\/h2>\t\t\t\t<\/div>\n\t\t\t\t<div class=\"elementor-element elementor-element-9548a64 elementor-widget elementor-widget-text-editor\" data-id=\"9548a64\" data-element_type=\"widget\" data-e-type=\"widget\" data-widget_type=\"text-editor.default\">\n\t\t\t\t\t\t\t\t\t<p>Atenci\u00f3n especializada en cardiolog\u00eda para pacientes adultos y pedi\u00e1tricos.<\/p>\t\t\t\t\t\t\t\t<\/div>\n\t\t\t\t<\/div>\n\t\t<div class=\"elementor-element elementor-element-832181c e-con-full e-flex e-con e-child\" data-id=\"832181c\" data-element_type=\"container\" data-e-type=\"container\" data-settings=\"{&quot;background_background&quot;:&quot;classic&quot;}\">\n\t\t<div class=\"elementor-element elementor-element-4ca76ef e-con-full e-flex e-con e-child\" data-id=\"4ca76ef\" data-element_type=\"container\" data-e-type=\"container\">\n\t\t\t\t<div class=\"elementor-element elementor-element-08be792 elementor-widget elementor-widget-heading\" data-id=\"08be792\" data-element_type=\"widget\" data-e-type=\"widget\" data-widget_type=\"heading.default\">\n\t\t\t\t\t<h2 class=\"elementor-heading-title elementor-size-default\">Dr. Soledad Vizzarri<\/h2>\t\t\t\t<\/div>\n\t\t\t\t<div class=\"elementor-element elementor-element-334d2c8 elementor-widget elementor-widget-text-editor\" data-id=\"334d2c8\" data-element_type=\"widget\" data-e-type=\"widget\" data-widget_type=\"text-editor.default\">\n\t\t\t\t\t\t\t\t\t<p>Especialista en cardiolog\u00eda con experiencia en el diagn\u00f3stico, tratamiento y seguimiento de enfermedades del sistema cardiovascular mediante valoraci\u00f3n cl\u00ednica y pruebas cardiol\u00f3gicas no invasivas.<\/p>\t\t\t\t\t\t\t\t<\/div>\n\t\t\t\t<\/div>\n\t\t\t\t<\/div>\n\t\t\t\t\t<\/div>\n\t\t\t\t<\/div>\n\t\t\t\t<\/div>\n\t\t","protected":false},"excerpt":{"rendered":"<p>Cardiolog\u00eda La cardiolog\u00eda es la especialidad m\u00e9dica dedicada al estudio, diagn\u00f3stico y tratamiento de las enfermedades del coraz\u00f3n y del sistema cardiovascular. En Policl\u00ednica Villasalud ofrecemos atenci\u00f3n especializada para la valoraci\u00f3n y seguimiento de diferentes patolog\u00edas card\u00edacas, con el objetivo de prevenir complicaciones y mejorar la salud cardiovascular de nuestros pacientes. CARDIOLOG\u00cdA Atenci\u00f3n cardiol\u00f3gica La [&hellip;]<\/p>\n","protected":false},"author":1,"featured_media":0,"parent":17,"menu_order":0,"comment_status":"closed","ping_status":"closed","template":"elementor_header_footer","meta":{"footnotes":""},"class_list":["post-483","page","type-page","status-publish","hentry"],"_links":{"self":[{"href":"https:\/\/policlinicavillasalud.com\/index.php\/wp-json\/wp\/v2\/pages\/483","targetHints":{"allow":["GET"]}}],"collection":[{"href":"https:\/\/policlinicavillasalud.com\/index.php\/wp-json\/wp\/v2\/pages"}],"about":[{"href":"https:\/\/policlinicavillasalud.com\/index.php\/wp-json\/wp\/v2\/types\/page"}],"author":[{"embeddable":true,"href":"https:\/\/policlinicavillasalud.com\/index.php\/wp-json\/wp\/v2\/users\/1"}],"replies":[{"embeddable":true,"href":"https:\/\/policlinicavillasalud.com\/index.php\/wp-json\/wp\/v2\/comments?post=483"}],"version-history":[{"count":76,"href":"https:\/\/policlinicavillasalud.com\/index.php\/wp-json\/wp\/v2\/pages\/483\/revisions"}],"predecessor-version":[{"id":1889,"href":"https:\/\/policlinicavillasalud.com\/index.php\/wp-json\/wp\/v2\/pages\/483\/revisions\/1889"}],"up":[{"embeddable":true,"href":"https:\/\/policlinicavillasalud.com\/index.php\/wp-json\/wp\/v2\/pages\/17"}],"wp:attachment":[{"href":"https:\/\/policlinicavillasalud.com\/index.php\/wp-json\/wp\/v2\/media?parent=483"}],"curies":[{"name":"wp","href":"https:\/\/api.w.org\/{rel}","templated":true}]}}