{"id":489,"date":"2026-03-13T08:29:51","date_gmt":"2026-03-13T08:29:51","guid":{"rendered":"https:\/\/villasalud.fxdw.dev\/?page_id=489"},"modified":"2026-04-09T08:23:51","modified_gmt":"2026-04-09T08:23:51","slug":"ginecologia","status":"publish","type":"page","link":"https:\/\/policlinicavillasalud.com\/index.php\/especialidades\/ginecologia\/","title":{"rendered":"Ginecolog\u00eda"},"content":{"rendered":"\t\t<div data-elementor-type=\"wp-page\" data-elementor-id=\"489\" class=\"elementor elementor-489\" data-elementor-post-type=\"page\">\n\t\t\t\t<div class=\"elementor-element elementor-element-61c8c89 e-con-full e-flex e-con e-parent\" data-id=\"61c8c89\" data-element_type=\"container\" data-e-type=\"container\" data-settings=\"{&quot;background_background&quot;:&quot;classic&quot;}\">\n\t\t<div class=\"elementor-element elementor-element-541db90 e-con-full e-flex e-con e-child\" data-id=\"541db90\" data-element_type=\"container\" data-e-type=\"container\">\n\t\t<div class=\"elementor-element elementor-element-3cefe08 e-con-full e-flex e-con e-child\" data-id=\"3cefe08\" data-element_type=\"container\" data-e-type=\"container\">\n\t\t\t\t<div class=\"elementor-element elementor-element-5f97884 elementor-widget elementor-widget-heading\" data-id=\"5f97884\" data-element_type=\"widget\" data-e-type=\"widget\" data-widget_type=\"heading.default\">\n\t\t\t\t\t<h2 class=\"elementor-heading-title elementor-size-default\">Ginecolog\u00eda<\/h2>\t\t\t\t<\/div>\n\t\t\t\t<\/div>\n\t\t<div class=\"elementor-element elementor-element-d4ab9f7 e-con-full e-flex e-con e-child\" data-id=\"d4ab9f7\" data-element_type=\"container\" data-e-type=\"container\">\n\t\t\t\t<div class=\"elementor-element elementor-element-14b49f7 elementor-widget__width-initial elementor-widget elementor-widget-text-editor\" data-id=\"14b49f7\" data-element_type=\"widget\" data-e-type=\"widget\" data-widget_type=\"text-editor.default\">\n\t\t\t\t\t\t\t\t\t<p>La ginecolog\u00eda es la especialidad m\u00e9dica dedicada al cuidado de la <strong>salud del aparato reproductor femenino<\/strong>. En Policl\u00ednica Villasalud ofrecemos atenci\u00f3n especializada para la prevenci\u00f3n, diagn\u00f3stico y seguimiento de diferentes patolog\u00edas ginecol\u00f3gicas, acompa\u00f1ando a la mujer en las distintas etapas de su vida.<\/p>\t\t\t\t\t\t\t\t<\/div>\n\t\t\t\t<\/div>\n\t\t\t\t<\/div>\n\t\t\t\t<div class=\"elementor-element elementor-element-f4ac478 elementor-widget elementor-widget-image\" data-id=\"f4ac478\" data-element_type=\"widget\" data-e-type=\"widget\" data-widget_type=\"image.default\">\n\t\t\t\t\t\t\t\t\t\t\t\t\t\t\t<img fetchpriority=\"high\" decoding=\"async\" width=\"2000\" height=\"1076\" src=\"https:\/\/policlinicavillasalud.com\/wp-content\/uploads\/2026\/04\/ginecologia3.jpg\" class=\"attachment-full size-full wp-image-1868\" alt=\"\" srcset=\"https:\/\/policlinicavillasalud.com\/wp-content\/uploads\/2026\/04\/ginecologia3.jpg 2000w, https:\/\/policlinicavillasalud.com\/wp-content\/uploads\/2026\/04\/ginecologia3-300x161.jpg 300w, https:\/\/policlinicavillasalud.com\/wp-content\/uploads\/2026\/04\/ginecologia3-1024x551.jpg 1024w, https:\/\/policlinicavillasalud.com\/wp-content\/uploads\/2026\/04\/ginecologia3-768x413.jpg 768w, https:\/\/policlinicavillasalud.com\/wp-content\/uploads\/2026\/04\/ginecologia3-1536x826.jpg 1536w\" sizes=\"(max-width: 2000px) 100vw, 2000px\" \/>\t\t\t\t\t\t\t\t\t\t\t\t\t\t\t<\/div>\n\t\t\t\t<\/div>\n\t\t<div class=\"elementor-element elementor-element-a00413e e-flex e-con-boxed e-con e-parent\" data-id=\"a00413e\" data-element_type=\"container\" data-e-type=\"container\" data-settings=\"{&quot;background_background&quot;:&quot;classic&quot;}\">\n\t\t\t\t\t<div class=\"e-con-inner\">\n\t\t<div class=\"elementor-element elementor-element-dc5d86c e-con-full e-flex e-con e-child\" data-id=\"dc5d86c\" data-element_type=\"container\" data-e-type=\"container\">\n\t\t\t\t<div class=\"elementor-element elementor-element-4f628ca elementor-widget elementor-widget-heading\" data-id=\"4f628ca\" data-element_type=\"widget\" data-e-type=\"widget\" data-widget_type=\"heading.default\">\n\t\t\t\t\t<h2 class=\"elementor-heading-title elementor-size-default\">GINECOLOGIA<\/h2>\t\t\t\t<\/div>\n\t\t\t\t<div class=\"elementor-element elementor-element-0969d38 elementor-widget elementor-widget-heading\" data-id=\"0969d38\" data-element_type=\"widget\" data-e-type=\"widget\" data-widget_type=\"heading.default\">\n\t\t\t\t\t<h2 class=\"elementor-heading-title elementor-size-default\">Atenci\u00f3n ginecol\u00f3gica<\/h2>\t\t\t\t<\/div>\n\t\t\t\t<\/div>\n\t\t<div class=\"elementor-element elementor-element-8e34760 e-con-full e-flex e-con e-child\" data-id=\"8e34760\" data-element_type=\"container\" data-e-type=\"container\">\n\t\t\t\t<div class=\"elementor-element elementor-element-c4fa61f elementor-widget elementor-widget-text-editor\" data-id=\"c4fa61f\" data-element_type=\"widget\" data-e-type=\"widget\" data-widget_type=\"text-editor.default\">\n\t\t\t\t\t\t\t\t\t<p data-start=\"503\" data-end=\"866\">La consulta de ginecolog\u00eda se centra en el estudio y valoraci\u00f3n de las enfermedades que afectan a los \u00f3rganos reproductores femeninos, como el \u00fatero, los ovarios y la vagina. Adem\u00e1s del diagn\u00f3stico y tratamiento de diferentes patolog\u00edas, la atenci\u00f3n ginecol\u00f3gica tambi\u00e9n desempe\u00f1a un papel fundamental en la prevenci\u00f3n y el control peri\u00f3dico de la salud femenina.<\/p><p data-start=\"868\" data-end=\"1009\">Las revisiones ginecol\u00f3gicas permiten detectar posibles alteraciones de forma precoz y favorecer el cuidado integral de la salud de la mujer.<\/p>\t\t\t\t\t\t\t\t<\/div>\n\t\t\t\t<\/div>\n\t\t\t\t\t<\/div>\n\t\t\t\t<\/div>\n\t\t<div class=\"elementor-element elementor-element-9d7028a e-flex e-con-boxed e-con e-parent\" data-id=\"9d7028a\" data-element_type=\"container\" data-e-type=\"container\" data-settings=\"{&quot;background_background&quot;:&quot;classic&quot;}\">\n\t\t\t\t\t<div class=\"e-con-inner\">\n\t\t<div class=\"elementor-element elementor-element-31b1d71 e-con-full e-flex e-con e-child\" data-id=\"31b1d71\" data-element_type=\"container\" data-e-type=\"container\">\n\t\t\t\t<div class=\"elementor-element elementor-element-6026a94 elementor-widget elementor-widget-heading\" data-id=\"6026a94\" data-element_type=\"widget\" data-e-type=\"widget\" data-widget_type=\"heading.default\">\n\t\t\t\t\t<h2 class=\"elementor-heading-title elementor-size-default\">Consultas ginecol\u00f3gicas m\u00e1s frecuentes<\/h2>\t\t\t\t<\/div>\n\t\t\t\t<div class=\"elementor-element elementor-element-a281afb elementor-widget elementor-widget-text-editor\" data-id=\"a281afb\" data-element_type=\"widget\" data-e-type=\"widget\" data-widget_type=\"text-editor.default\">\n\t\t\t\t\t\t\t\t\t<p>Entre las consultas m\u00e1s habituales en ginecolog\u00eda se encuentran:<\/p>\t\t\t\t\t\t\t\t<\/div>\n\t\t\t\t<div class=\"elementor-element elementor-element-2894bbe elementor-widget elementor-widget-text-editor\" data-id=\"2894bbe\" data-element_type=\"widget\" data-e-type=\"widget\" data-widget_type=\"text-editor.default\">\n\t\t\t\t\t\t\t\t\t<p>Control y revisiones ginecol\u00f3gicas peri\u00f3dicas<\/p><p>Alteraciones del ciclo menstrual<\/p><p>Dolor p\u00e9lvico<\/p><p>Infecciones ginecol\u00f3gicas<\/p><p>Problemas relacionados con los ovarios o el \u00fatero<\/p><p>\u00a0<\/p>\t\t\t\t\t\t\t\t<\/div>\n\t\t\t\t<\/div>\n\t\t<div class=\"elementor-element elementor-element-99beb85 e-con-full e-flex e-con e-child\" data-id=\"99beb85\" data-element_type=\"container\" data-e-type=\"container\">\n\t\t\t\t<div class=\"elementor-element elementor-element-3d682f6 elementor-widget elementor-widget-image\" data-id=\"3d682f6\" data-element_type=\"widget\" data-e-type=\"widget\" data-widget_type=\"image.default\">\n\t\t\t\t\t\t\t\t\t\t\t\t\t\t\t<img decoding=\"async\" width=\"822\" height=\"1000\" src=\"https:\/\/policlinicavillasalud.com\/wp-content\/uploads\/2026\/03\/ginecologia2.jpg\" class=\"attachment-full size-full wp-image-790\" alt=\"\" srcset=\"https:\/\/policlinicavillasalud.com\/wp-content\/uploads\/2026\/03\/ginecologia2.jpg 822w, https:\/\/policlinicavillasalud.com\/wp-content\/uploads\/2026\/03\/ginecologia2-247x300.jpg 247w, https:\/\/policlinicavillasalud.com\/wp-content\/uploads\/2026\/03\/ginecologia2-768x934.jpg 768w\" sizes=\"(max-width: 822px) 100vw, 822px\" \/>\t\t\t\t\t\t\t\t\t\t\t\t\t\t\t<\/div>\n\t\t\t\t<\/div>\n\t\t\t\t\t<\/div>\n\t\t\t\t<\/div>\n\t\t<div class=\"elementor-element elementor-element-7bf12db e-flex e-con-boxed e-con e-parent\" data-id=\"7bf12db\" data-element_type=\"container\" data-e-type=\"container\" data-settings=\"{&quot;background_background&quot;:&quot;classic&quot;}\">\n\t\t\t\t\t<div class=\"e-con-inner\">\n\t\t<div class=\"elementor-element elementor-element-034aeb4 e-con-full e-flex e-con e-child\" data-id=\"034aeb4\" data-element_type=\"container\" data-e-type=\"container\">\n\t\t\t\t<div class=\"elementor-element elementor-element-69113b9 elementor-widget elementor-widget-heading\" data-id=\"69113b9\" data-element_type=\"widget\" data-e-type=\"widget\" data-widget_type=\"heading.default\">\n\t\t\t\t\t<h2 class=\"elementor-heading-title elementor-size-default\">NUESTRO EQUIPO<\/h2>\t\t\t\t<\/div>\n\t\t\t\t<div class=\"elementor-element elementor-element-c29820a elementor-widget elementor-widget-heading\" data-id=\"c29820a\" data-element_type=\"widget\" data-e-type=\"widget\" data-widget_type=\"heading.default\">\n\t\t\t\t\t<h2 class=\"elementor-heading-title elementor-size-default\">Especialistas en ginecolog\u00eda<\/h2>\t\t\t\t<\/div>\n\t\t\t\t<div class=\"elementor-element elementor-element-1082300 elementor-widget elementor-widget-text-editor\" data-id=\"1082300\" data-element_type=\"widget\" data-e-type=\"widget\" data-widget_type=\"text-editor.default\">\n\t\t\t\t\t\t\t\t\t<p>Especialistas en ginecolog\u00eda con experiencia en el diagn\u00f3stico, tratamiento y seguimiento de patolog\u00edas relacionadas con el aparato reproductor femenino.<\/p>\t\t\t\t\t\t\t\t<\/div>\n\t\t\t\t<\/div>\n\t\t<div class=\"elementor-element elementor-element-1fc98bc e-con-full e-flex e-con e-child\" data-id=\"1fc98bc\" data-element_type=\"container\" data-e-type=\"container\" data-settings=\"{&quot;background_background&quot;:&quot;classic&quot;}\">\n\t\t\t\t<div class=\"elementor-element elementor-element-ab22244 elementor-widget elementor-widget-heading\" data-id=\"ab22244\" data-element_type=\"widget\" data-e-type=\"widget\" data-widget_type=\"heading.default\">\n\t\t\t\t\t<h2 class=\"elementor-heading-title elementor-size-default\">Dra. Janet Magaly Abanto \u00c1lvarez<\/h2>\t\t\t\t<\/div>\n\t\t\t\t<\/div>\n\t\t\t\t\t<\/div>\n\t\t\t\t<\/div>\n\t\t\t\t<\/div>\n\t\t","protected":false},"excerpt":{"rendered":"<p>Ginecolog\u00eda La ginecolog\u00eda es la especialidad m\u00e9dica dedicada al cuidado de la salud del aparato reproductor femenino. En Policl\u00ednica Villasalud ofrecemos atenci\u00f3n especializada para la prevenci\u00f3n, diagn\u00f3stico y seguimiento de diferentes patolog\u00edas ginecol\u00f3gicas, acompa\u00f1ando a la mujer en las distintas etapas de su vida. GINECOLOGIA Atenci\u00f3n ginecol\u00f3gica La consulta de ginecolog\u00eda se centra en el [&hellip;]<\/p>\n","protected":false},"author":1,"featured_media":0,"parent":17,"menu_order":0,"comment_status":"closed","ping_status":"closed","template":"elementor_header_footer","meta":{"footnotes":""},"class_list":["post-489","page","type-page","status-publish","hentry"],"_links":{"self":[{"href":"https:\/\/policlinicavillasalud.com\/index.php\/wp-json\/wp\/v2\/pages\/489","targetHints":{"allow":["GET"]}}],"collection":[{"href":"https:\/\/policlinicavillasalud.com\/index.php\/wp-json\/wp\/v2\/pages"}],"about":[{"href":"https:\/\/policlinicavillasalud.com\/index.php\/wp-json\/wp\/v2\/types\/page"}],"author":[{"embeddable":true,"href":"https:\/\/policlinicavillasalud.com\/index.php\/wp-json\/wp\/v2\/users\/1"}],"replies":[{"embeddable":true,"href":"https:\/\/policlinicavillasalud.com\/index.php\/wp-json\/wp\/v2\/comments?post=489"}],"version-history":[{"count":28,"href":"https:\/\/policlinicavillasalud.com\/index.php\/wp-json\/wp\/v2\/pages\/489\/revisions"}],"predecessor-version":[{"id":1892,"href":"https:\/\/policlinicavillasalud.com\/index.php\/wp-json\/wp\/v2\/pages\/489\/revisions\/1892"}],"up":[{"embeddable":true,"href":"https:\/\/policlinicavillasalud.com\/index.php\/wp-json\/wp\/v2\/pages\/17"}],"wp:attachment":[{"href":"https:\/\/policlinicavillasalud.com\/index.php\/wp-json\/wp\/v2\/media?parent=489"}],"curies":[{"name":"wp","href":"https:\/\/api.w.org\/{rel}","templated":true}]}}