{"id":505,"date":"2026-03-13T08:33:54","date_gmt":"2026-03-13T08:33:54","guid":{"rendered":"https:\/\/villasalud.fxdw.dev\/?page_id=505"},"modified":"2026-03-30T11:10:08","modified_gmt":"2026-03-30T11:10:08","slug":"podologia","status":"publish","type":"page","link":"https:\/\/policlinicavillasalud.com\/index.php\/especialidades\/podologia\/","title":{"rendered":"Podolog\u00eda"},"content":{"rendered":"\t\t<div data-elementor-type=\"wp-page\" data-elementor-id=\"505\" class=\"elementor elementor-505\" data-elementor-post-type=\"page\">\n\t\t\t\t<div class=\"elementor-element elementor-element-f51a428 e-con-full e-flex e-con e-parent\" data-id=\"f51a428\" data-element_type=\"container\" data-e-type=\"container\" data-settings=\"{&quot;background_background&quot;:&quot;classic&quot;}\">\n\t\t<div class=\"elementor-element elementor-element-68c006f e-con-full e-flex e-con e-child\" data-id=\"68c006f\" data-element_type=\"container\" data-e-type=\"container\">\n\t\t<div class=\"elementor-element elementor-element-b52b850 e-con-full e-flex e-con e-child\" data-id=\"b52b850\" data-element_type=\"container\" data-e-type=\"container\">\n\t\t\t\t<div class=\"elementor-element elementor-element-d56b22e elementor-widget elementor-widget-heading\" data-id=\"d56b22e\" data-element_type=\"widget\" data-e-type=\"widget\" data-widget_type=\"heading.default\">\n\t\t\t\t\t<h2 class=\"elementor-heading-title elementor-size-default\">Podolog\u00eda<\/h2>\t\t\t\t<\/div>\n\t\t\t\t<\/div>\n\t\t<div class=\"elementor-element elementor-element-a3d3125 e-con-full e-flex e-con e-child\" data-id=\"a3d3125\" data-element_type=\"container\" data-e-type=\"container\">\n\t\t\t\t<div class=\"elementor-element elementor-element-20be025 elementor-widget__width-initial elementor-widget elementor-widget-text-editor\" data-id=\"20be025\" data-element_type=\"widget\" data-e-type=\"widget\" data-widget_type=\"text-editor.default\">\n\t\t\t\t\t\t\t\t\t<p>La podolog\u00eda es la especialidad dedicada al <strong>cuidado de la salud de los pies<\/strong>, incluyendo la prevenci\u00f3n, diagn\u00f3stico y tratamiento de diferentes afecciones que pueden afectar a la piel, las u\u00f1as o la estructura del pie.\u00a0<\/p>\t\t\t\t\t\t\t\t<\/div>\n\t\t\t\t<\/div>\n\t\t\t\t<\/div>\n\t\t\t\t<div class=\"elementor-element elementor-element-96064ae elementor-widget elementor-widget-image\" data-id=\"96064ae\" data-element_type=\"widget\" data-e-type=\"widget\" data-widget_type=\"image.default\">\n\t\t\t\t\t\t\t\t\t\t\t\t\t\t\t<img fetchpriority=\"high\" decoding=\"async\" width=\"2000\" height=\"1225\" src=\"https:\/\/policlinicavillasalud.com\/wp-content\/uploads\/2026\/03\/podologia.jpg\" class=\"attachment-full size-full wp-image-1127\" alt=\"\" srcset=\"https:\/\/policlinicavillasalud.com\/wp-content\/uploads\/2026\/03\/podologia.jpg 2000w, https:\/\/policlinicavillasalud.com\/wp-content\/uploads\/2026\/03\/podologia-300x184.jpg 300w, https:\/\/policlinicavillasalud.com\/wp-content\/uploads\/2026\/03\/podologia-1024x627.jpg 1024w, https:\/\/policlinicavillasalud.com\/wp-content\/uploads\/2026\/03\/podologia-768x470.jpg 768w, https:\/\/policlinicavillasalud.com\/wp-content\/uploads\/2026\/03\/podologia-1536x941.jpg 1536w\" sizes=\"(max-width: 2000px) 100vw, 2000px\" \/>\t\t\t\t\t\t\t\t\t\t\t\t\t\t\t<\/div>\n\t\t\t\t<\/div>\n\t\t<div class=\"elementor-element elementor-element-75df269 e-flex e-con-boxed e-con e-parent\" data-id=\"75df269\" data-element_type=\"container\" data-e-type=\"container\" data-settings=\"{&quot;background_background&quot;:&quot;classic&quot;}\">\n\t\t\t\t\t<div class=\"e-con-inner\">\n\t\t<div class=\"elementor-element elementor-element-de35692 e-con-full e-flex e-con e-child\" data-id=\"de35692\" data-element_type=\"container\" data-e-type=\"container\">\n\t\t\t\t<div class=\"elementor-element elementor-element-94e7530 elementor-widget elementor-widget-heading\" data-id=\"94e7530\" data-element_type=\"widget\" data-e-type=\"widget\" data-widget_type=\"heading.default\">\n\t\t\t\t\t<h2 class=\"elementor-heading-title elementor-size-default\">PODOLOG\u00cdA<\/h2>\t\t\t\t<\/div>\n\t\t\t\t<div class=\"elementor-element elementor-element-2bb5629 elementor-widget elementor-widget-heading\" data-id=\"2bb5629\" data-element_type=\"widget\" data-e-type=\"widget\" data-widget_type=\"heading.default\">\n\t\t\t\t\t<h2 class=\"elementor-heading-title elementor-size-default\">Atenci\u00f3n podol\u00f3gica<\/h2>\t\t\t\t<\/div>\n\t\t\t\t<\/div>\n\t\t<div class=\"elementor-element elementor-element-0fa9012 e-con-full e-flex e-con e-child\" data-id=\"0fa9012\" data-element_type=\"container\" data-e-type=\"container\">\n\t\t\t\t<div class=\"elementor-element elementor-element-15b8363 elementor-widget elementor-widget-text-editor\" data-id=\"15b8363\" data-element_type=\"widget\" data-e-type=\"widget\" data-widget_type=\"text-editor.default\">\n\t\t\t\t\t\t\t\t\t<p data-start=\"612\" data-end=\"834\">Nuestros especialistas en podolog\u00eda ofrecen una atenci\u00f3n integral para el cuidado de los pies, abordando tanto problemas comunes como alteraciones m\u00e1s espec\u00edficas que pueden afectar a la marcha o al bienestar del paciente.<\/p><p data-start=\"836\" data-end=\"1017\">El cuidado adecuado de los pies es fundamental para prevenir molestias, mejorar la movilidad y evitar complicaciones, especialmente en personas con determinadas condiciones m\u00e9dicas.<\/p>\t\t\t\t\t\t\t\t<\/div>\n\t\t\t\t<\/div>\n\t\t\t\t\t<\/div>\n\t\t\t\t<\/div>\n\t\t<div class=\"elementor-element elementor-element-ff47e1a e-con-full e-flex e-con e-parent\" data-id=\"ff47e1a\" data-element_type=\"container\" data-e-type=\"container\" data-settings=\"{&quot;background_background&quot;:&quot;classic&quot;}\">\n\t\t<div class=\"elementor-element elementor-element-d1eaabe e-con-full e-flex e-con e-child\" data-id=\"d1eaabe\" data-element_type=\"container\" data-e-type=\"container\">\n\t\t\t\t<div class=\"elementor-element elementor-element-b797444 elementor-widget elementor-widget-heading\" data-id=\"b797444\" data-element_type=\"widget\" data-e-type=\"widget\" data-widget_type=\"heading.default\">\n\t\t\t\t\t<h2 class=\"elementor-heading-title elementor-size-default\">Tratamientos y servicios de podolog\u00eda<\/h2>\t\t\t\t<\/div>\n\t\t\t\t<div class=\"elementor-element elementor-element-e26bbe1 elementor-widget__width-initial elementor-widget elementor-widget-text-editor\" data-id=\"e26bbe1\" data-element_type=\"widget\" data-e-type=\"widget\" data-widget_type=\"text-editor.default\">\n\t\t\t\t\t\t\t\t\t<p>En la consulta de podolog\u00eda se realizan diferentes tratamientos orientados al cuidado y la salud de los pies, entre los que se incluyen:<\/p>\t\t\t\t\t\t\t\t<\/div>\n\t\t\t\t<div class=\"elementor-element elementor-element-4712c6c elementor-widget__width-initial elementor-widget elementor-widget-text-editor\" data-id=\"4712c6c\" data-element_type=\"widget\" data-e-type=\"widget\" data-widget_type=\"text-editor.default\">\n\t\t\t\t\t\t\t\t\t<p>Tratamiento de durezas y callosidades para recuperar la comodidad al caminar<\/p><p>Corte y limado de u\u00f1as para mantener una correcta higiene y salud ungueal<\/p><p>Tratamiento de u\u00f1as encarnadas y papilomas<\/p><p>Atenci\u00f3n especializada en pie diab\u00e9tico para prevenir posibles complicaciones<\/p><p>Estudios de pisada y an\u00e1lisis biomec\u00e1nicos para detectar alteraciones en la marcha<\/p><p>Estudios micol\u00f3gicos para el diagn\u00f3stico de infecciones por hongos en las u\u00f1as (onicomicosis)<\/p><p>Elaboraci\u00f3n de plantillas personalizadas adaptadas a las necesidades del paciente<\/p>\t\t\t\t\t\t\t\t<\/div>\n\t\t\t\t<\/div>\n\t\t<div class=\"elementor-element elementor-element-53a6758 e-con-full e-flex e-con e-child\" data-id=\"53a6758\" data-element_type=\"container\" data-e-type=\"container\">\n\t\t\t\t<div class=\"elementor-element elementor-element-70c0b8b elementor-widget elementor-widget-image\" data-id=\"70c0b8b\" data-element_type=\"widget\" data-e-type=\"widget\" data-widget_type=\"image.default\">\n\t\t\t\t\t\t\t\t\t\t\t\t\t\t\t<img decoding=\"async\" width=\"1000\" height=\"1304\" src=\"https:\/\/policlinicavillasalud.com\/wp-content\/uploads\/2026\/03\/podologo2.jpg\" class=\"attachment-full size-full wp-image-1137\" alt=\"\" srcset=\"https:\/\/policlinicavillasalud.com\/wp-content\/uploads\/2026\/03\/podologo2.jpg 1000w, https:\/\/policlinicavillasalud.com\/wp-content\/uploads\/2026\/03\/podologo2-230x300.jpg 230w, https:\/\/policlinicavillasalud.com\/wp-content\/uploads\/2026\/03\/podologo2-785x1024.jpg 785w, https:\/\/policlinicavillasalud.com\/wp-content\/uploads\/2026\/03\/podologo2-768x1001.jpg 768w\" sizes=\"(max-width: 1000px) 100vw, 1000px\" \/>\t\t\t\t\t\t\t\t\t\t\t\t\t\t\t<\/div>\n\t\t\t\t<div class=\"elementor-element elementor-element-6fbaa44 elementor-widget elementor-widget-image\" data-id=\"6fbaa44\" data-element_type=\"widget\" data-e-type=\"widget\" data-widget_type=\"image.default\">\n\t\t\t\t\t\t\t\t\t\t\t\t\t\t\t<img decoding=\"async\" width=\"800\" height=\"496\" src=\"https:\/\/policlinicavillasalud.com\/wp-content\/uploads\/2026\/03\/podologo3-1024x635.jpg\" class=\"attachment-large size-large wp-image-1139\" alt=\"\" srcset=\"https:\/\/policlinicavillasalud.com\/wp-content\/uploads\/2026\/03\/podologo3-1024x635.jpg 1024w, https:\/\/policlinicavillasalud.com\/wp-content\/uploads\/2026\/03\/podologo3-300x186.jpg 300w, https:\/\/policlinicavillasalud.com\/wp-content\/uploads\/2026\/03\/podologo3-768x476.jpg 768w, https:\/\/policlinicavillasalud.com\/wp-content\/uploads\/2026\/03\/podologo3.jpg 1149w\" sizes=\"(max-width: 800px) 100vw, 800px\" \/>\t\t\t\t\t\t\t\t\t\t\t\t\t\t\t<\/div>\n\t\t\t\t<\/div>\n\t\t\t\t<\/div>\n\t\t<div class=\"elementor-element elementor-element-7af123c e-flex e-con-boxed e-con e-parent\" data-id=\"7af123c\" data-element_type=\"container\" data-e-type=\"container\" data-settings=\"{&quot;background_background&quot;:&quot;classic&quot;}\">\n\t\t\t\t\t<div class=\"e-con-inner\">\n\t\t<div class=\"elementor-element elementor-element-5a92f52 e-con-full e-flex e-con e-child\" data-id=\"5a92f52\" data-element_type=\"container\" data-e-type=\"container\">\n\t\t\t\t<div class=\"elementor-element elementor-element-bf0daa2 elementor-widget elementor-widget-heading\" data-id=\"bf0daa2\" data-element_type=\"widget\" data-e-type=\"widget\" data-widget_type=\"heading.default\">\n\t\t\t\t\t<h2 class=\"elementor-heading-title elementor-size-default\">NUESTRO EQUIPO<\/h2>\t\t\t\t<\/div>\n\t\t\t\t<div class=\"elementor-element elementor-element-4b1ce76 elementor-widget elementor-widget-heading\" data-id=\"4b1ce76\" data-element_type=\"widget\" data-e-type=\"widget\" data-widget_type=\"heading.default\">\n\t\t\t\t\t<h2 class=\"elementor-heading-title elementor-size-default\">Especialistas en podolog\u00eda<\/h2>\t\t\t\t<\/div>\n\t\t\t\t<div class=\"elementor-element elementor-element-5185def elementor-widget elementor-widget-text-editor\" data-id=\"5185def\" data-element_type=\"widget\" data-e-type=\"widget\" data-widget_type=\"text-editor.default\">\n\t\t\t\t\t\t\t\t\t<p>Especialistas en podolog\u00eda dedicados al cuidado integral de la salud de los pies y al tratamiento de diferentes afecciones podol\u00f3gicas.<\/p>\t\t\t\t\t\t\t\t<\/div>\n\t\t\t\t<\/div>\n\t\t<div class=\"elementor-element elementor-element-7b8ffb3 e-con-full e-flex e-con e-child\" data-id=\"7b8ffb3\" data-element_type=\"container\" data-e-type=\"container\" data-settings=\"{&quot;background_background&quot;:&quot;classic&quot;}\">\n\t\t\t\t<div class=\"elementor-element elementor-element-cb0387b elementor-widget elementor-widget-heading\" data-id=\"cb0387b\" data-element_type=\"widget\" data-e-type=\"widget\" data-widget_type=\"heading.default\">\n\t\t\t\t\t<h2 class=\"elementor-heading-title elementor-size-default\">Hugo Garc\u00eda V\u00e9lez<\/h2>\t\t\t\t<\/div>\n\t\t\t\t<\/div>\n\t\t<div class=\"elementor-element elementor-element-75c4e6c e-con-full e-flex e-con e-child\" data-id=\"75c4e6c\" data-element_type=\"container\" data-e-type=\"container\" data-settings=\"{&quot;background_background&quot;:&quot;classic&quot;}\">\n\t\t\t\t<div class=\"elementor-element elementor-element-2fcdbc3 elementor-widget elementor-widget-heading\" data-id=\"2fcdbc3\" data-element_type=\"widget\" data-e-type=\"widget\" data-widget_type=\"heading.default\">\n\t\t\t\t\t<h2 class=\"elementor-heading-title elementor-size-default\">Marcos Le\u00f3n Ardyla<\/h2>\t\t\t\t<\/div>\n\t\t\t\t<\/div>\n\t\t\t\t\t<\/div>\n\t\t\t\t<\/div>\n\t\t\t\t<\/div>\n\t\t","protected":false},"excerpt":{"rendered":"<p>Podolog\u00eda La podolog\u00eda es la especialidad dedicada al cuidado de la salud de los pies, incluyendo la prevenci\u00f3n, diagn\u00f3stico y tratamiento de diferentes afecciones que pueden afectar a la piel, las u\u00f1as o la estructura del pie.\u00a0 PODOLOG\u00cdA Atenci\u00f3n podol\u00f3gica Nuestros especialistas en podolog\u00eda ofrecen una atenci\u00f3n integral para el cuidado de los pies, abordando [&hellip;]<\/p>\n","protected":false},"author":1,"featured_media":0,"parent":17,"menu_order":0,"comment_status":"closed","ping_status":"closed","template":"elementor_header_footer","meta":{"footnotes":""},"class_list":["post-505","page","type-page","status-publish","hentry"],"_links":{"self":[{"href":"https:\/\/policlinicavillasalud.com\/index.php\/wp-json\/wp\/v2\/pages\/505","targetHints":{"allow":["GET"]}}],"collection":[{"href":"https:\/\/policlinicavillasalud.com\/index.php\/wp-json\/wp\/v2\/pages"}],"about":[{"href":"https:\/\/policlinicavillasalud.com\/index.php\/wp-json\/wp\/v2\/types\/page"}],"author":[{"embeddable":true,"href":"https:\/\/policlinicavillasalud.com\/index.php\/wp-json\/wp\/v2\/users\/1"}],"replies":[{"embeddable":true,"href":"https:\/\/policlinicavillasalud.com\/index.php\/wp-json\/wp\/v2\/comments?post=505"}],"version-history":[{"count":34,"href":"https:\/\/policlinicavillasalud.com\/index.php\/wp-json\/wp\/v2\/pages\/505\/revisions"}],"predecessor-version":[{"id":1817,"href":"https:\/\/policlinicavillasalud.com\/index.php\/wp-json\/wp\/v2\/pages\/505\/revisions\/1817"}],"up":[{"embeddable":true,"href":"https:\/\/policlinicavillasalud.com\/index.php\/wp-json\/wp\/v2\/pages\/17"}],"wp:attachment":[{"href":"https:\/\/policlinicavillasalud.com\/index.php\/wp-json\/wp\/v2\/media?parent=505"}],"curies":[{"name":"wp","href":"https:\/\/api.w.org\/{rel}","templated":true}]}}