{"id":509,"date":"2026-03-13T08:34:46","date_gmt":"2026-03-13T08:34:46","guid":{"rendered":"https:\/\/villasalud.fxdw.dev\/?page_id=509"},"modified":"2026-03-30T11:11:02","modified_gmt":"2026-03-30T11:11:02","slug":"psiquiatria","status":"publish","type":"page","link":"https:\/\/policlinicavillasalud.com\/index.php\/especialidades\/psiquiatria\/","title":{"rendered":"Psiquiatr\u00eda"},"content":{"rendered":"\t\t<div data-elementor-type=\"wp-page\" data-elementor-id=\"509\" class=\"elementor elementor-509\" data-elementor-post-type=\"page\">\n\t\t\t\t<div class=\"elementor-element elementor-element-ee7cd9f e-con-full e-flex e-con e-parent\" data-id=\"ee7cd9f\" data-element_type=\"container\" data-e-type=\"container\" data-settings=\"{&quot;background_background&quot;:&quot;classic&quot;}\">\n\t\t<div class=\"elementor-element elementor-element-c088d8a e-con-full e-flex e-con e-child\" data-id=\"c088d8a\" data-element_type=\"container\" data-e-type=\"container\">\n\t\t<div class=\"elementor-element elementor-element-d492eb8 e-con-full e-flex e-con e-child\" data-id=\"d492eb8\" data-element_type=\"container\" data-e-type=\"container\">\n\t\t\t\t<div class=\"elementor-element elementor-element-6b47154 elementor-widget elementor-widget-heading\" data-id=\"6b47154\" data-element_type=\"widget\" data-e-type=\"widget\" data-widget_type=\"heading.default\">\n\t\t\t\t\t<h2 class=\"elementor-heading-title elementor-size-default\">Psiquiatr\u00eda<\/h2>\t\t\t\t<\/div>\n\t\t\t\t<\/div>\n\t\t<div class=\"elementor-element elementor-element-aad923f e-con-full e-flex e-con e-child\" data-id=\"aad923f\" data-element_type=\"container\" data-e-type=\"container\">\n\t\t\t\t<div class=\"elementor-element elementor-element-201dc04 elementor-widget__width-initial elementor-widget elementor-widget-text-editor\" data-id=\"201dc04\" data-element_type=\"widget\" data-e-type=\"widget\" data-widget_type=\"text-editor.default\">\n\t\t\t\t\t\t\t\t\t<p data-start=\"317\" data-end=\"661\">La psiquiatr\u00eda es la especialidad m\u00e9dica dedicada al diagn\u00f3stico, tratamiento y seguimiento de los trastornos que afectan a la <strong>salud mental y al equilibrio emocional<\/strong>. En Policl\u00ednica Villasalud ofrecemos atenci\u00f3n psiqui\u00e1trica orientada a valorar de forma m\u00e9dica las alteraciones del estado de \u00e1nimo, el comportamiento o el bienestar psicol\u00f3gico.<\/p>\t\t\t\t\t\t\t\t<\/div>\n\t\t\t\t<\/div>\n\t\t\t\t<\/div>\n\t\t\t\t<div class=\"elementor-element elementor-element-3b60755 elementor-widget elementor-widget-image\" data-id=\"3b60755\" data-element_type=\"widget\" data-e-type=\"widget\" data-widget_type=\"image.default\">\n\t\t\t\t\t\t\t\t\t\t\t\t\t\t\t<img fetchpriority=\"high\" decoding=\"async\" width=\"1852\" height=\"867\" src=\"https:\/\/policlinicavillasalud.com\/wp-content\/uploads\/2026\/03\/psiquiatria-1.jpg\" class=\"attachment-full size-full wp-image-1212\" alt=\"\" srcset=\"https:\/\/policlinicavillasalud.com\/wp-content\/uploads\/2026\/03\/psiquiatria-1.jpg 1852w, https:\/\/policlinicavillasalud.com\/wp-content\/uploads\/2026\/03\/psiquiatria-1-300x140.jpg 300w, https:\/\/policlinicavillasalud.com\/wp-content\/uploads\/2026\/03\/psiquiatria-1-1024x479.jpg 1024w, https:\/\/policlinicavillasalud.com\/wp-content\/uploads\/2026\/03\/psiquiatria-1-768x360.jpg 768w, https:\/\/policlinicavillasalud.com\/wp-content\/uploads\/2026\/03\/psiquiatria-1-1536x719.jpg 1536w\" sizes=\"(max-width: 1852px) 100vw, 1852px\" \/>\t\t\t\t\t\t\t\t\t\t\t\t\t\t\t<\/div>\n\t\t\t\t<\/div>\n\t\t<div class=\"elementor-element elementor-element-e131222 e-flex e-con-boxed e-con e-parent\" data-id=\"e131222\" data-element_type=\"container\" data-e-type=\"container\" data-settings=\"{&quot;background_background&quot;:&quot;classic&quot;}\">\n\t\t\t\t\t<div class=\"e-con-inner\">\n\t\t<div class=\"elementor-element elementor-element-8686057 e-con-full e-flex e-con e-child\" data-id=\"8686057\" data-element_type=\"container\" data-e-type=\"container\">\n\t\t\t\t<div class=\"elementor-element elementor-element-80ab8d7 elementor-widget elementor-widget-heading\" data-id=\"80ab8d7\" data-element_type=\"widget\" data-e-type=\"widget\" data-widget_type=\"heading.default\">\n\t\t\t\t\t<h2 class=\"elementor-heading-title elementor-size-default\">PSIQUIATR\u00cdA<\/h2>\t\t\t\t<\/div>\n\t\t\t\t<div class=\"elementor-element elementor-element-3b0ae92 elementor-widget elementor-widget-heading\" data-id=\"3b0ae92\" data-element_type=\"widget\" data-e-type=\"widget\" data-widget_type=\"heading.default\">\n\t\t\t\t\t<h2 class=\"elementor-heading-title elementor-size-default\">Consulta y atenci\u00f3n <br> psiqui\u00e1trica<\/h2>\t\t\t\t<\/div>\n\t\t\t\t<div class=\"elementor-element elementor-element-8cb02a4 elementor-widget elementor-widget-heading\" data-id=\"8cb02a4\" data-element_type=\"widget\" data-e-type=\"widget\" data-widget_type=\"heading.default\">\n\t\t\t\t\t<h2 class=\"elementor-heading-title elementor-size-default\">Atenci\u00f3n m\u00e9dica especializada para el cuidado de la salud mental.\n<\/h2>\t\t\t\t<\/div>\n\t\t\t\t<\/div>\n\t\t<div class=\"elementor-element elementor-element-773b05a e-con-full e-flex e-con e-child\" data-id=\"773b05a\" data-element_type=\"container\" data-e-type=\"container\">\n\t\t\t\t<div class=\"elementor-element elementor-element-95bab0e elementor-widget__width-initial elementor-widget elementor-widget-text-editor\" data-id=\"95bab0e\" data-element_type=\"widget\" data-e-type=\"widget\" data-widget_type=\"text-editor.default\">\n\t\t\t\t\t\t\t\t\t<p data-start=\"844\" data-end=\"1170\">La consulta de psiquiatr\u00eda permite realizar una <strong>valoraci\u00f3n m\u00e9dica completa de los s\u00edntomas relacionados con la salud mental<\/strong>. El especialista analiza la evoluci\u00f3n del paciente, su estado emocional y otros factores que pueden influir en su bienestar para establecer un diagn\u00f3stico cl\u00ednico y orientar el tratamiento m\u00e1s adecuado.<\/p><p data-start=\"1172\" data-end=\"1345\">Cuando es necesario, el psiquiatra puede indicar diferentes opciones terap\u00e9uticas y realizar un seguimiento m\u00e9dico para favorecer la estabilidad y el bienestar del paciente.<\/p>\t\t\t\t\t\t\t\t<\/div>\n\t\t\t\t<\/div>\n\t\t\t\t\t<\/div>\n\t\t\t\t<\/div>\n\t\t<div class=\"elementor-element elementor-element-a454ac3 e-flex e-con-boxed e-con e-parent\" data-id=\"a454ac3\" data-element_type=\"container\" data-e-type=\"container\" data-settings=\"{&quot;background_background&quot;:&quot;classic&quot;}\">\n\t\t\t\t\t<div class=\"e-con-inner\">\n\t\t<div class=\"elementor-element elementor-element-9d68d24 e-con-full e-flex e-con e-child\" data-id=\"9d68d24\" data-element_type=\"container\" data-e-type=\"container\">\n\t\t\t\t<div class=\"elementor-element elementor-element-f26d259 elementor-widget elementor-widget-heading\" data-id=\"f26d259\" data-element_type=\"widget\" data-e-type=\"widget\" data-widget_type=\"heading.default\">\n\t\t\t\t\t<h2 class=\"elementor-heading-title elementor-size-default\">Estamos aqu\u00ed para ayudarte a cuidar de tu bienestar. Consulta con nuestro especialista y recibe atenci\u00f3n personalizada.\n<\/h2>\t\t\t\t<\/div>\n\t\t\t\t<div class=\"elementor-element elementor-element-3706684 elementor-widget elementor-widget-button\" data-id=\"3706684\" data-element_type=\"widget\" data-e-type=\"widget\" data-widget_type=\"button.default\">\n\t\t\t\t\t\t\t\t\t\t<a class=\"elementor-button elementor-button-link elementor-size-sm\" href=\"https:\/\/villasalud.fxdw.dev\/index.php\/contacto\/\">\n\t\t\t\t\t\t<span class=\"elementor-button-content-wrapper\">\n\t\t\t\t\t\t\t\t\t<span class=\"elementor-button-text\">Contacta con nosotros<\/span>\n\t\t\t\t\t<\/span>\n\t\t\t\t\t<\/a>\n\t\t\t\t\t\t\t\t<\/div>\n\t\t\t\t<\/div>\n\t\t\t\t\t<\/div>\n\t\t\t\t<\/div>\n\t\t<div class=\"elementor-element elementor-element-5a6e678 e-flex e-con-boxed e-con e-parent\" data-id=\"5a6e678\" data-element_type=\"container\" data-e-type=\"container\" data-settings=\"{&quot;background_background&quot;:&quot;classic&quot;}\">\n\t\t\t\t\t<div class=\"e-con-inner\">\n\t\t<div class=\"elementor-element elementor-element-b59c108 e-con-full e-flex e-con e-child\" data-id=\"b59c108\" data-element_type=\"container\" data-e-type=\"container\">\n\t\t\t\t<div class=\"elementor-element elementor-element-1106a3d elementor-widget elementor-widget-heading\" data-id=\"1106a3d\" data-element_type=\"widget\" data-e-type=\"widget\" data-widget_type=\"heading.default\">\n\t\t\t\t\t<h2 class=\"elementor-heading-title elementor-size-default\">NUESTRO EQUIPO<\/h2>\t\t\t\t<\/div>\n\t\t\t\t<div class=\"elementor-element elementor-element-18f4b4e elementor-widget elementor-widget-heading\" data-id=\"18f4b4e\" data-element_type=\"widget\" data-e-type=\"widget\" data-widget_type=\"heading.default\">\n\t\t\t\t\t<h2 class=\"elementor-heading-title elementor-size-default\">Especialista en psiquiatr\u00eda<\/h2>\t\t\t\t<\/div>\n\t\t\t\t<\/div>\n\t\t<div class=\"elementor-element elementor-element-bc2255d e-con-full e-flex e-con e-child\" data-id=\"bc2255d\" data-element_type=\"container\" data-e-type=\"container\" data-settings=\"{&quot;background_background&quot;:&quot;classic&quot;}\">\n\t\t<div class=\"elementor-element elementor-element-102f542 e-con-full e-flex e-con e-child\" data-id=\"102f542\" data-element_type=\"container\" data-e-type=\"container\">\n\t\t\t\t<div class=\"elementor-element elementor-element-007473f elementor-widget elementor-widget-heading\" data-id=\"007473f\" data-element_type=\"widget\" data-e-type=\"widget\" data-widget_type=\"heading.default\">\n\t\t\t\t\t<h2 class=\"elementor-heading-title elementor-size-default\">Dra. Ana Isabel Romero<\/h2>\t\t\t\t<\/div>\n\t\t\t\t<div class=\"elementor-element elementor-element-dd6aae7 elementor-widget elementor-widget-text-editor\" data-id=\"dd6aae7\" data-element_type=\"widget\" data-e-type=\"widget\" data-widget_type=\"text-editor.default\">\n\t\t\t\t\t\t\t\t\t<p>Especialista en psiquiatr\u00eda dedicada al diagn\u00f3stico y tratamiento m\u00e9dico de los trastornos relacionados con la salud mental, ofreciendo una atenci\u00f3n personalizada orientada al bienestar del paciente.<\/p>\t\t\t\t\t\t\t\t<\/div>\n\t\t\t\t<\/div>\n\t\t\t\t<\/div>\n\t\t\t\t\t<\/div>\n\t\t\t\t<\/div>\n\t\t\t\t<\/div>\n\t\t","protected":false},"excerpt":{"rendered":"<p>Psiquiatr\u00eda La psiquiatr\u00eda es la especialidad m\u00e9dica dedicada al diagn\u00f3stico, tratamiento y seguimiento de los trastornos que afectan a la salud mental y al equilibrio emocional. En Policl\u00ednica Villasalud ofrecemos atenci\u00f3n psiqui\u00e1trica orientada a valorar de forma m\u00e9dica las alteraciones del estado de \u00e1nimo, el comportamiento o el bienestar psicol\u00f3gico. PSIQUIATR\u00cdA Consulta y atenci\u00f3n psiqui\u00e1trica [&hellip;]<\/p>\n","protected":false},"author":1,"featured_media":0,"parent":17,"menu_order":0,"comment_status":"closed","ping_status":"closed","template":"elementor_header_footer","meta":{"footnotes":""},"class_list":["post-509","page","type-page","status-publish","hentry"],"_links":{"self":[{"href":"https:\/\/policlinicavillasalud.com\/index.php\/wp-json\/wp\/v2\/pages\/509","targetHints":{"allow":["GET"]}}],"collection":[{"href":"https:\/\/policlinicavillasalud.com\/index.php\/wp-json\/wp\/v2\/pages"}],"about":[{"href":"https:\/\/policlinicavillasalud.com\/index.php\/wp-json\/wp\/v2\/types\/page"}],"author":[{"embeddable":true,"href":"https:\/\/policlinicavillasalud.com\/index.php\/wp-json\/wp\/v2\/users\/1"}],"replies":[{"embeddable":true,"href":"https:\/\/policlinicavillasalud.com\/index.php\/wp-json\/wp\/v2\/comments?post=509"}],"version-history":[{"count":43,"href":"https:\/\/policlinicavillasalud.com\/index.php\/wp-json\/wp\/v2\/pages\/509\/revisions"}],"predecessor-version":[{"id":1823,"href":"https:\/\/policlinicavillasalud.com\/index.php\/wp-json\/wp\/v2\/pages\/509\/revisions\/1823"}],"up":[{"embeddable":true,"href":"https:\/\/policlinicavillasalud.com\/index.php\/wp-json\/wp\/v2\/pages\/17"}],"wp:attachment":[{"href":"https:\/\/policlinicavillasalud.com\/index.php\/wp-json\/wp\/v2\/media?parent=509"}],"curies":[{"name":"wp","href":"https:\/\/api.w.org\/{rel}","templated":true}]}}